2 - 74*h + 454. Determine q(7).
-15
Let g(y) = 2*y**2 - 23*y + 40. What is g(4)?
-20
Let h(k) = -k**3 + 11*k**2 + 18*k - 1. Give h(12).
71
Let k(u) = 368*u + 8741. What is k(-24)?
-91
Let i(f) = -17*f - 28. Determine i(-1).
-11
Let p(c) = 65*c**2 - c + 2. What is p(2)?
260
Let r(v) = -v**3 - 14*v**2 - 37*v - 14. Determine r(-11).
30
Let r(w) = w**2 + 218*w + 11837. Calculate r(-103).
-8
Let j(b) = 21*b**2 - 18*b + 17. Calculate j(1).
20
Let o(p) = -170*p - 940. Calculate o(-5).
-90
Let g(r) = -r**3 + 11*r**2 - 16*r + 45. Give g(8).
109
Let p(q) = 846*q + 6167. Give p(-7).
245
Let i(k) = -2235*k + 2235. What is i(1)?
0
Let w(x) = x**3 - 25*x**2 + 60*x + 136. Give w(22).
4
Let p(l) = l**3 - 91*l**2 + 424*l + 511. Give p(86).
-5
Let s(n) = -n**3 - 8*n**2 - 5*n - 86. Give s(-10).
164
Let d(n) = -n**3 - 23*n**2 - 33*n - 263. Give d(-22).
-21
Let y(x) = -16*x**2 + 7*x - 6. What is y(1)?
-15
Let d(g) = 133*g - 4393. Determine d(33).
-4
Let x(s) = 45*s - 307. What is x(7)?
8
Let t(w) = w**3 - 10*w**2 - 4*w + 6. Give t(8).
-154
Let a(o) = o**2 - 80*o + 1471. Determine a(30).
-29
Let v(a) = -6*a**3 - 95*a**2 - 217*a + 49. Calculate v(-13).
-3
Let d(q) = 8*q**2 - 24*q - 4. Calculate d(4).
28
Let c(l) = l**2 - 34*l - 270. Give c(41).
17
Let n(v) = v**2 + 10*v + 146. What is n(-8)?
130
Let x(q) = 3*q**3 - 30*q**2 - 6*q + 20. Calculate x(11).
317
Let s(t) = -2*t**3 + 10*t**2 + 7*t + 11. What is s(5)?
46
Let m(r) = -2*r**2 - 19*r + 128. Give m(-12).
68
Let b(l) = l**2 + 16*l - 119. Calculate b(6).
13
Let w(y) = 2*y**3 + 52*y**2 - 633*y - 16477. What is w(-26)?
-19
Let t(r) = r**3 + 32*r**2 + 140*r + 132. Give t(-27).
-3
Let n(b) = 9*b**2 - 22*b - 10. What is n(3)?
5
Let t(u) = -539*u - 28053. Give t(-52).
-25
Let v(q) = 2*q**2 + 22*q - 118. Determine v(-15).
2
Let t(n) = n**2 - 251*n + 2636. Give t(11).
-4
Let w(o) = -105*o - 685. Determine w(-7).
50
Let n(i) = 2*i**3 + 96*i**2 + 93*i - 24. Determine n(-47).
23
Let p(v) = 2*v + 212. Determine p(2).
216
Let t(a) = -3*a**2 + 106*a - 213. Give t(2).
-13
Let k(f) = 645*f - 28377. Calculate k(44).
3
Let z(s) = 7393*s - 59156. What is z(8)?
-12
Let r(f) = -f**3 - 13*f**2 + 38*f + 514. What is r(-13)?
20
Let a(x) = -8*x**2 + 29*x + 8. Give a(5).
-47
Let t(s) = 17*s**2 + 1298*s + 121. Determine t(-76).
-335
Let a(w) = 3*w**2 - 135*w + 681. Calculate a(6).
-21
Let d(h) = 92*h - 735. Calculate d(8).
1
Let b(v) = -34*v - 92. Calculate b(0).
-92
Let q(g) = 367*g - 26049. Determine q(71).
8
Let k(l) = l**3 - 19*l**2 + 60*l - 7. Determine k(15).
-7
Let l(t) = t**3 - 9*t**2 + 17*t - 74. What is l(5)?
-89
Let r(p) = 63*p**3 + 5*p**2 - 29*p - 69. Give r(-2).
-495
Let h(b) = -28*b**3 - 30*b**2 + 70*b - 2. Give h(2).
-206
Let b(t) = 18*t**3 + t**2 + 27*t - 28. Determine b(1).
18
Let k(x) = -x**3 - x**2 - 3*x + 13. Calculate k(4).
-79
Let v(k) = -108*k + 1188. Calculate v(10).
108
Let n(r) = -5*r**2 + 239*r + 425. Determine n(50).
-125
Let d(f) = -f**3 + 15*f**2 - 4*f + 27. Calculate d(15).
-33
Let t(j) = 4*j**2 + 28*j + 44. Calculate t(-4).
-4
Let b(t) = 3*t**3 - 11*t**2 + 5*t - 52. Calculate b(4).
-16
Let m(k) = -385*k + 66998. Determine m(174).
8
Let z(n) = -n**3 - 21*n**2 + 12*n - 80. Determine z(-22).
140
Let i(g) = 2*g**3 - 6*g**2 - 44*g - 7. What is i(6)?
-55
Let o(p) = -p**3 + 23*p**2 - 478. Determine o(22).
6
Let l(z) = z**2 + 19*z - 7. Calculate l(-21).
35
Let p(a) = 162*a - 234. What is p(-4)?
-882
Let d(w) = 35*w - 225. What is d(5)?
-50
Let z(m) = 7*m**3 - 58*m**2 + 18*m - 11. Determine z(8).
5
Let d(w) = 5*w + 56. What is d(-12)?
-4
Let x(g) = g**3 - 24*g**2 - g + 20. Give x(24).
-4
Let j(n) = -n**2 - 1162*n - 12665. Give j(-11).
-4
Let m(b) = b**3 + 17*b**2 - 17*b + 23. Give m(-18).
5
Let s(z) = -15*z**2 + 25*z + 6. Give s(2).
-4
Let s(o) = -182*o**2 + 473*o + 215. Determine s(3).
-4
Let m(l) = -10*l**2 + 1773*l - 2291. Calculate m(176).
-3
Let b(c) = -3*c**3 + 9*c**2 + 2*c - 14. Give b(4).
-54
Let u(a) = -4*a**3 + 3*a**2 - 3*a + 24. Calculate u(0).
24
Let a(x) = -x**3 - 13*x**2 - 19*x + 4. Determine a(-13).
251
Let j(i) = i**2 - 554*i - 21866. Determine j(-37).
1
Let s(k) = -1156*k + 12712. Calculate s(11).
-4
Let m(c) = -10*c + 19. Give m(4).
-21
Let n(t) = t**2 - 11*t + 111. What is n(12)?
123
Let z(b) = -3*b**3 - 23*b**2 - 20*b - 38. Calculate z(-7).
4
Let h(d) = -21*d + 347. Determine h(24).
-157
Let s(g) = 280*g - 2039. Determine s(9).
481
Let b(r) = -726*r + 9431. Determine b(13).
-7
Let c(m) = -2*m**3 - 2*m**2 - 31*m + 125. Determine c(4).
-159
Let r(l) = l**3 + 29*l**2 - 32*l + 69. Calculate r(-30).
129
Let v(s) = 3*s**3 + 173*s**2 - 65*s - 393. Determine v(-58).
13
Let n(w) = 3*w**2 + w - 11. Determine n(4).
41
Let a(p) = 478*p - 1967. Calculate a(4).
-55
Let a(k) = -508*k + 3593. Give a(7).
37
Let v(l) = -l**3 - 7*l**2 + 125*l + 946. Give v(-8).
10
Let a(k) = 3*k**2 + 6*k + 54. Give a(-5).
99
Let r(z) = -4*z**2 + 198*z - 1860. Calculate r(37).
-10
Let j(v) = -10067*v - 130866. What is j(-13)?
5
Let l(h) = h**3 + 12*h**2 + 3*h - 55. Calculate l(-6).
143
Let t(m) = m**2 - 279*m + 1646. What is t(6)?
8
Let y(s) = -10*s + 29. What is y(7)?
-41
Let c(v) = 4*v**2 + 80*v - 9205. Calculate c(39).
-1
Let o(g) = -1614*g + 8053. Calculate o(5).
-17
Let f(w) = -w**2 + 43*w + 1323. Give f(64).
-21
Let i(k) = 2*k**2 + 183*k - 318. What is i(-94)?
152
Let o(v) = -37*v + 2039. Calculate o(55).
4
Let t(k) = 57*k - 187. Calculate t(3).
-16
Let y(z) = -4*z - 103. What is y(-15)?
-43
Let b(a) = 2*a**2 + 49*a + 142. Determine b(-3).
13
Let b(z) = -z**3 - 14*z**2 - 86*z - 299. What is b(-8)?
5
Let b(m) = 7*m**2 + 851*m - 3011. Give b(-125).
-11
Let m(g) = -10*g**2 - 3*g + 385. Determine m(0).
385
Let l(x) = -x**3 - 19*x**2 + 44*x - 41. Determine l(-21).
-83
Let f(c) = 44*c**2 - 63*c + 64. Give f(1).
45
Let m(u) = -9*u - 120. Calculate m(-25).
105
Let r(g) = 7*g**2 - 16*g - 421. Calculate r(9).
2
Let c(s) = s**3 + 42*s**2 + 225*s + 50. What is c(-6)?
-4
Let s(k) = k**3 - 65*k**2 - 136*k + 138. Give s(67).
4
Let g(w) = 484*w**2 + 31*w. What is g(-1)?
453
Let v(p) = -p**3 - 86*p**2 - 180*p - 970. Give v(-84).
38
Let f(h) = -38*h + 201. Give f(9).
-141
Let r(k) = -109*k - 226. Give r(-3).
101
Let r(u) = -u**2 + 85*u - 218. Determine r(83).
-52
Let h(w) = -266*w + 2018. What is h(6)?
422
Let s(j) = -j**3 + 64*j**2 - 346*j - 124. What is s(58)?
-8
Let i(a) = -a**3 - 193*a**2 + 588*a + 4. Give i(-196).
4
Let f(g) = 57*g + 5768. Determine f(-101).
11
Let b(u) = -6524*u - 19583. Calculate b(-3).
-11
Let g(j) = j**3 + 28*j**2 - 27*j + 121. Give g(-29).
63
Let j(c) = c**3 - 7*c**2 - 87*c + 186. What is j(2)?
-8
Let j(l) = -l**2 - 307*l - 23553. Give j(-151).
3
Let t(z) = z**3 + 25*z**2 + 51*z - 17. Calculate t(-19).
1180
Let n(w) = 2*w**2 + 47*w + 167. What is n(-20)?
27
Let w(y) = -7*y**2 - 13*y - 8. What is w(-3)?
-32
Let w(k) = -1712*k - 85612. What is w(-50)?
-12
Let y(p) = 45*p**2 + 10*p + 22. Give y(-2).
182
Let z(k) = -19*k**2 - 143*k + 266. Give z(-9).
14
Let r(s) = -19*s - 396. Give r(-20).
-16
Let o(x) = -x**3 + 35*x**2 - 94*x + 27. Determine o(32).
91
Let r(y) = -944*y - 3769. Determine r(-4).
7
Let x(p) = -p**3 - 6*p**2 + 29*p + 42. What is x(-9)?
24
Let a(w) = 43*w**2 - 737*w + 99. Calculate a(17).
-3
Let x(h) = 73*h - 612. Calculate x(10).
118
Let q(l) = 15*l**2 + 189*l + 5. Determine q(0).
5
Let j(y) = -y**2 + 19*y + 100. What is j(-6)?
-50
Let c(y) = -92*y + 1177. Determine c(13).
-19
Let l(p) = 2*p**2 - 166*p + 1751. Calculate l(10).
291
Let j(n) = -280*n + 594. Give j(4).
-526
Let d(c) = 62*c**2 - 715*c + 349. What is d(11)?
-14
Let q(v) = 6*v**2 - 71*v + 163. Calculate q(3).
4
Let f(r) = -3*r**3 - r**2 - r - 82. Give f(0).
-82
Let q(p) = -p**2 + 2*p + 333. Determine q(-17).
10
Let j(k) = -21*k - 27. Calculate j(-4).
57
Let k(b) = 6*b**2 - 31*b + 15. What is k(6)?
45
Let q(v) = -136*v - 5582. Calculate q(-41).
-6
Let d(q) = -q**3 - 7*q**2 + q - 115. What is d(-9)?
38
Let u(n) = 104*n + 8622. Determine u(-83).
-10
Let u(g) = -17*g**2 + 88*g - 415. Calculate u(4).
-335
Let z(m) = 99*m + 2. Calculate z(2).
200
Let w(x) = -53*x + 182. What is w(5)?
-83
Let h(q) = -44*q - 267. Determine h(-5).
-47
Let r(p) = 7*p - 106. Give r(16).
6
Let v(n) = n + 70. What is v(4)?
74
Let l(h) = h**2 - 3*h - 2. Give l(8).
38
Let c(k)